{"id":2919,"date":"2016-09-23T10:26:22","date_gmt":"2016-09-23T10:26:22","guid":{"rendered":"https:\/\/patrik-klima.com.al\/rreth-nesh\/"},"modified":"2025-01-07T11:32:56","modified_gmt":"2025-01-07T11:32:56","slug":"rreth-nesh","status":"publish","type":"page","link":"https:\/\/patrik-klima.com.al\/en\/rreth-nesh\/","title":{"rendered":"About Us"},"content":{"rendered":"<div class=\"wpb-content-wrapper\"><p>[vc_row disable_element=&#8221;yes&#8221; css=&#8221;.vc_custom_1554506649847{margin-top: 30px !important;}&#8221;][vc_column css=&#8221;.vc_custom_1476866536021{padding-top: 38px !important;}&#8221;][vc_column_text]Patrik Klima &#8211; Kondicionere ne Shitje Tirane, Sisteme Ngrohje-Ftohje, Aspirator\u00eb Tirane, Aksesor\u00eb Aspirimi, Radiator\u00eb Elektrik\u00eb ne shitje[\/vc_column_text][\/vc_column][\/vc_row][vc_row][vc_column][rev_slider_vc alias=&#8221;about-en&#8221;][\/vc_column][\/vc_row][vc_row css=&#8221;.vc_custom_1554750223234{margin-top: -30px !important;padding-bottom: -20px !important;}&#8221;][vc_column css_animation=&#8221;fadeInLeftBig&#8221; width=&#8221;1\/2&#8243; css=&#8221;.vc_custom_1554509835614{padding-top: 36px !important;padding-right: 36px !important;padding-bottom: 29px !important;padding-left: 36px !important;background-color: #f2f2f2 !important;}&#8221; offset=&#8221;vc_hidden-lg vc_hidden-md vc_hidden-sm&#8221;][vc_empty_space height=&#8221;10px&#8221;][vc_custom_heading text=&#8221;About Us&#8221; font_container=&#8221;tag:h5|text_align:left&#8221; use_theme_fonts=&#8221;yes&#8221; link=&#8221;url:https%3A%2F%2Fpatrik-klima.com.al%2Fen%2Frreth-nesh%2F|title:Rreth%20Nesh||&#8221;][vc_column_text css=&#8221;.vc_custom_1554978234281{margin-bottom: 25px !important;}&#8221;]Patrik \u2013 Klima has started its activity in January 2004 with the aim of trading air conditioners, heating-cooling systems, aspirators, accessories and services. Our store is located on the street Myslym Shyri No.56 &#8211; Tirana.[\/vc_column_text][vc_custom_heading text=&#8221;Quality and Warranty&#8221; font_container=&#8221;tag:h5|text_align:left&#8221; use_theme_fonts=&#8221;yes&#8221; link=&#8221;|||&#8221;][vc_column_text]We offer our customers the best brands (<a href=\"https:\/\/www.aircon.panasonic.eu\/GB_en\/ranges\/domestic\/\">Panasonic<\/a> , <a href=\"http:\/\/www.lucht-lhz.de\/\">LUCHT-Lhz<\/a>) for products: air conditioners, individual and central systems, aspirators, accessories and German electric radiators for heating all environments (constructed with volcanic stone for a saving of up to 50-60% energy).[\/vc_column_text][\/vc_column][vc_column css_animation=&#8221;fadeInRightBig&#8221; width=&#8221;1\/2&#8243; offset=&#8221;vc_hidden-lg vc_hidden-md vc_hidden-sm&#8221;][vc_video link=&#8221;https:\/\/www.youtube.com\/watch?v=NfB-C3GujQ0&#8243; css=&#8221;&#8221;][\/vc_column][\/vc_row][vc_row css=&#8221;.vc_custom_1554507693614{padding-top: 40px !important;padding-bottom: 30px !important;}&#8221;][vc_column css_animation=&#8221;fadeInLeftBig&#8221; width=&#8221;1\/2&#8243; css=&#8221;.vc_custom_1736249281925{padding-top: 36px !important;padding-right: 36px !important;padding-bottom: 0px !important;padding-left: 36px !important;background-color: #f2f2f2 !important;}&#8221; offset=&#8221;vc_hidden-xs&#8221;][vc_custom_heading text=&#8221;About Us&#8221; font_container=&#8221;tag:h5|text_align:left&#8221; use_theme_fonts=&#8221;yes&#8221; link=&#8221;url:https%3A%2F%2Fpatrik-klima.com.al%2Fen%2Frreth-nesh%2F|title:Rreth%20Nesh||&#8221;][vc_column_text css=&#8221;.vc_custom_1554978234281{margin-bottom: 25px !important;}&#8221;]Patrik \u2013 Klima has started its activity in January 2004 with the aim of trading air conditioners, heating-cooling systems, aspirators, accessories and services. Our store is located on the street Myslym Shyri No.56 &#8211; Tirana.[\/vc_column_text][vc_custom_heading text=&#8221;Quality and Warranty&#8221; font_container=&#8221;tag:h5|text_align:left&#8221; use_theme_fonts=&#8221;yes&#8221; link=&#8221;|||&#8221;][vc_column_text]We offer our customers the best brands (<a href=\"https:\/\/www.aircon.panasonic.eu\/GB_en\/ranges\/domestic\/\">Panasonic<\/a> , <a href=\"http:\/\/www.lucht-lhz.de\/\">LUCHT-Lhz<\/a>) for products: air conditioners, individual and central systems, aspirators, accessories and German electric radiators for heating all environments (constructed with volcanic stone for a saving of up to 50-60% energy).[\/vc_column_text][\/vc_column][vc_column css_animation=&#8221;fadeInRightBig&#8221; width=&#8221;1\/2&#8243; offset=&#8221;vc_hidden-xs&#8221;][vc_empty_space height=&#8221;10px&#8221;][vc_video link=&#8221;https:\/\/www.youtube.com\/watch?v=NfB-C3GujQ0&#8243; css=&#8221;&#8221;][\/vc_column][\/vc_row][vc_row full_width=&#8221;stretch_row_content_no_spaces&#8221; css=&#8221;.vc_custom_1554488532878{margin-bottom: -50px !important;}&#8221;][vc_column][vc_column_text]<iframe loading=\"lazy\" style=\"border: 0;\" src=\"https:\/\/www.google.com\/maps\/embed?pb=!1m14!1m8!1m3!1d5992.57373732937!2d19.809274!3d41.324375!3m2!1i1024!2i768!4f13.1!3m3!1m2!1s0x0%3A0xcb8adc90690835a5!2sPatrik-klima!5e0!3m2!1sen!2sus!4v1554154973583!5m2!1sen!2sus\" width=\"100%\" height=\"370\" frameborder=\"0\" allowfullscreen=\"allowfullscreen\"><\/iframe>[\/vc_column_text][\/vc_column][\/vc_row][vc_row disable_element=&#8221;yes&#8221; css=&#8221;.vc_custom_1554487823979{padding-top: 20px !important;padding-bottom: 50px !important;}&#8221;][vc_column width=&#8221;1\/2&#8243;][vc_row_inner][vc_column_inner width=&#8221;1\/2&#8243; css=&#8221;.vc_custom_1461593412969{margin-bottom: 0px !important;}&#8221;][vc_single_image image=&#8221;2596&#8243; img_size=&#8221;full&#8221; onclick=&#8221;custom_link&#8221; img_link_target=&#8221;_blank&#8221; css_animation=&#8221;left-to-right&#8221; css=&#8221;.vc_custom_1523518600858{margin-bottom: 23px !important;}&#8221;][\/vc_column_inner][vc_column_inner width=&#8221;1\/2&#8243; css=&#8221;.vc_custom_1463390140563{margin-bottom: 0px !important;}&#8221;][vc_single_image image=&#8221;2584&#8243; img_size=&#8221;full&#8221; onclick=&#8221;custom_link&#8221; img_link_target=&#8221;_blank&#8221; css_animation=&#8221;left-to-right&#8221; css=&#8221;.vc_custom_1523518624537{margin-bottom: 23px !important;}&#8221;][\/vc_column_inner][\/vc_row_inner][\/vc_column][vc_column width=&#8221;1\/2&#8243; css=&#8221;.vc_custom_1554486894809{padding: 36px !important;background-color: #f2f2f2 !important;}&#8221;][vc_row_inner][vc_column_inner][vc_custom_heading text=&#8221;Cilesi dhe Garanci&#8221; font_container=&#8221;tag:h5|text_align:left&#8221; use_theme_fonts=&#8221;yes&#8221; link=&#8221;url:%23||&#8221;][vc_column_text css=&#8221;.vc_custom_1554156784047{margin-bottom: 20px !important;}&#8221;]<\/p>\n<p style=\"text-align: justify;\">Tek ne mund t\u00eb gjeni produkte cil\u00ebsore si: Kondicioner\u00eb, Sisteme individuale dhe q\u00ebndrore, Aspirator\u00eb, Aksesor\u00eb aspirimi dhe Radiator\u00eb elektrik\u00eb gjerman p\u00ebr ngrohjen e t\u00eb gjitha ambjenteve (t\u00eb nd\u00ebrtuar me gur vullkanik p\u00ebr nj\u00eb kursim deri 50-60 % t\u00eb energjis\u00eb).<\/p>\n<p>[\/vc_column_text][\/vc_column_inner][\/vc_row_inner][\/vc_column][\/vc_row][vc_row disable_element=&#8221;yes&#8221; css=&#8221;.vc_custom_1554485660200{background-color: #ffffff !important;}&#8221; el_class=&#8221;top-row&#8221;][vc_column css=&#8221;.vc_custom_1477050417128{padding-top: 36px !important;padding-right: 36px !important;padding-bottom: 36px !important;padding-left: 36px !important;background-color: #f2f2f2 !important;}&#8221; el_class=&#8221;wh-box-big&#8221; offset=&#8221;vc_col-md-8&#8243;][vc_custom_heading text=&#8221;Montim &amp; <b>Servis<\/b>&#8221; use_theme_fonts=&#8221;yes&#8221; css=&#8221;.vc_custom_1554156471052{margin-bottom: 20px !important;}&#8221;][vc_single_image image=&#8221;2585&#8243; img_size=&#8221;full&#8221; onclick=&#8221;custom_link&#8221; img_link_target=&#8221;_blank&#8221; css_animation=&#8221;left-to-right&#8221; css=&#8221;.vc_custom_1523518541953{margin-bottom: 23px !important;}&#8221;][vc_column_text css=&#8221;.vc_custom_1554156663792{margin-bottom: 25px !important;}&#8221;]Patrik \u2013 Klima ka filluar aktivitetin e saj n\u00eb Janar 2004 me q\u00ebllim tregtimin e kondicioner\u00ebve, sistemeve ngrohje-ftohje, aspirim, aksesor\u00eb dhe sh\u00ebrbime. Dyqani jon\u00eb ndodhet n\u00eb Rrug\u00ebn Myslym Shyri Nr.56 \u2013 Tiran\u00eb.[\/vc_column_text][\/vc_column][vc_column el_class=&#8221;wh-box-big-left&#8221; offset=&#8221;vc_col-md-4&#8243; css=&#8221;.vc_custom_1479891183717{padding-top: 0px !important;}&#8221;][vc_column_inner][\/vc_column_inner][vc_row_inner css=&#8221;.vc_custom_1479891169231{padding-top: 0px !important;}&#8221;][vc_column_inner css=&#8221;.vc_custom_1479891176513{padding-top: 0px !important;}&#8221;][vc_custom_heading text=&#8221;Orari&#8221; font_container=&#8221;tag:h5|text_align:left&#8221; use_theme_fonts=&#8221;yes&#8221;]\n\t\t\t\t\t<div class=\"wh-theme-icon \" style=\"position:absolute;\"  >\n\t\t\t\t<i class=\"icon-clock2\" ><\/i>\n\t\t\t<\/div>\n\t\t\n\t\t[vc_custom_heading text=&#8221;E Hene- E Premte:<b> 08:00-20:00<\/b>&#8221; font_container=&#8221;tag:p|text_align:left&#8221; use_theme_fonts=&#8221;yes&#8221; css=&#8221;.vc_custom_1554157030446{padding-left: 22px !important;}&#8221;]\n\t\t\t\t\t<div class=\"wh-theme-icon \" style=\"position:absolute;\"  >\n\t\t\t\t<i class=\"icon-clock2\" ><\/i>\n\t\t\t<\/div>\n\t\t\n\t\t[vc_custom_heading text=&#8221;E Shtune: <b>09:00-18:00<\/b>&#8221; font_container=&#8221;tag:p|text_align:left&#8221; use_theme_fonts=&#8221;yes&#8221; css=&#8221;.vc_custom_1554157057149{padding-left: 22px !important;}&#8221;]\n\t\t\t\t\t<div class=\"wh-theme-icon \" style=\"position:absolute;\"  >\n\t\t\t\t<i class=\"icon-clock2\" ><\/i>\n\t\t\t<\/div>\n\t\t\n\t\t[vc_custom_heading text=&#8221;E Diele: <b>Mbyllur<\/b>&#8221; font_container=&#8221;tag:p|text_align:left&#8221; use_theme_fonts=&#8221;yes&#8221; css=&#8221;.vc_custom_1554157078737{padding-left: 22px !important;}&#8221;]\n\t\t\t\t\t<div class=\"wh-theme-icon \" style=\"font-size:36px;position:absolute;\"  >\n\t\t\t\t<i class=\"icon-phone\" ><\/i>\n\t\t\t<\/div>\n\t\t\n\t\t[vc_custom_heading text=&#8221;<b> +355 69 20 87 393<\/b>&#8221; font_container=&#8221;tag:p|font_size:25px|text_align:left&#8221; use_theme_fonts=&#8221;yes&#8221; css=&#8221;.vc_custom_1554156993235{margin-bottom: 35px !important;padding-top: 5px !important;padding-bottom: 0px !important;padding-left: 55px !important;}&#8221; link=&#8221;url:%23|||rel:nofollow&#8221; el_class=&#8221;phone-numb&#8221;][\/vc_column_inner][\/vc_row_inner][\/vc_column][\/vc_row]<\/p>\n<\/div>","protected":false},"excerpt":{"rendered":"<p>[vc_row disable_element=&#8221;yes&#8221; css=&#8221;.vc_custom_1554506649847{margin-top: 30px !important;}&#8221;][vc_column css=&#8221;.vc_custom_1476866536021{padding-top: 38px !important;}&#8221;][vc_column_text]Patrik Klima &#8211; Kondicionere ne Shitje Tirane, Sisteme Ngrohje-Ftohje, Aspirator\u00eb Tirane, Aksesor\u00eb Aspirimi,&nbsp;<a href=\"https:\/\/patrik-klima.com.al\/en\/rreth-nesh\/\">[&hellip;]<\/a><\/p>\n","protected":false},"author":1,"featured_media":0,"parent":0,"menu_order":0,"comment_status":"closed","ping_status":"closed","template":"template-home.php","meta":{"footnotes":""},"yst_prominent_words":[200,131,126,192,199,127,193,202,197,129,187,128,130,198,132,125],"class_list":["post-2919","page","type-page","status-publish","hentry"],"_links":{"self":[{"href":"https:\/\/patrik-klima.com.al\/en\/wp-json\/wp\/v2\/pages\/2919"}],"collection":[{"href":"https:\/\/patrik-klima.com.al\/en\/wp-json\/wp\/v2\/pages"}],"about":[{"href":"https:\/\/patrik-klima.com.al\/en\/wp-json\/wp\/v2\/types\/page"}],"author":[{"embeddable":true,"href":"https:\/\/patrik-klima.com.al\/en\/wp-json\/wp\/v2\/users\/1"}],"replies":[{"embeddable":true,"href":"https:\/\/patrik-klima.com.al\/en\/wp-json\/wp\/v2\/comments?post=2919"}],"version-history":[{"count":13,"href":"https:\/\/patrik-klima.com.al\/en\/wp-json\/wp\/v2\/pages\/2919\/revisions"}],"predecessor-version":[{"id":3460,"href":"https:\/\/patrik-klima.com.al\/en\/wp-json\/wp\/v2\/pages\/2919\/revisions\/3460"}],"wp:attachment":[{"href":"https:\/\/patrik-klima.com.al\/en\/wp-json\/wp\/v2\/media?parent=2919"}],"wp:term":[{"taxonomy":"yst_prominent_words","embeddable":true,"href":"https:\/\/patrik-klima.com.al\/en\/wp-json\/wp\/v2\/yst_prominent_words?post=2919"}],"curies":[{"name":"wp","href":"https:\/\/api.w.org\/{rel}","templated":true}]}}

<div class="wpb-content-wrapper"><p>[vc_row disable_element=&#8221;yes&#8221; css=&#8221;.vc_custom_1554506649847{margin-top: 30px !important;}&#8221;][vc_column css=&#8221;.vc_custom_1476866536021{padding-top: 38px !important;}&#8221;][vc_column_text]Patrik Klima &#8211; Kondicionere ne Shitje Tirane, Sisteme Ngrohje-Ftohje, Aspiratorë Tirane, Aksesorë Aspirimi, Radiatorë Elektrikë ne shitje[/vc_column_text][/vc_column][/vc_row][vc_row][vc_column][rev_slider_vc alias=&#8221;about-en&#8221;][/vc_column][/vc_row][vc_row css=&#8221;.vc_custom_1554750223234{margin-top: -30px !important;padding-bottom: -20px !important;}&#8221;][vc_column css_animation=&#8221;fadeInLeftBig&#8221; width=&#8221;1/2&#8243; css=&#8221;.vc_custom_1554509835614{padding-top: 36px !important;padding-right: 36px !important;padding-bottom: 29px !important;padding-left: 36px !important;background-color: #f2f2f2 !important;}&#8221; offset=&#8221;vc_hidden-lg vc_hidden-md vc_hidden-sm&#8221;][vc_empty_space height=&#8221;10px&#8221;][vc_custom_heading text=&#8221;About Us&#8221; font_container=&#8221;tag:h5|text_align:left&#8221; use_theme_fonts=&#8221;yes&#8221; link=&#8221;url:https%3A%2F%2Fpatrik-klima.com.al%2Fen%2Frreth-nesh%2F|title:Rreth%20Nesh||&#8221;][vc_column_text css=&#8221;.vc_custom_1554978234281{margin-bottom: 25px !important;}&#8221;]Patrik – Klima has started its activity in January 2004 with the aim of trading air conditioners, heating-cooling systems, aspirators, accessories and services. Our store is located on the street Myslym Shyri No.56 &#8211; Tirana.[/vc_column_text][vc_custom_heading text=&#8221;Quality and Warranty&#8221; font_container=&#8221;tag:h5|text_align:left&#8221; use_theme_fonts=&#8221;yes&#8221; link=&#8221;|||&#8221;][vc_column_text]We offer our customers the best brands (<a href="https://www.aircon.panasonic.eu/GB_en/ranges/domestic/">Panasonic</a> , <a href="http://www.lucht-lhz.de/">LUCHT-Lhz</a>) for products: air conditioners, individual and central systems, aspirators, accessories and German electric radiators for heating all environments (constructed with volcanic stone for a saving of up to 50-60% energy).[/vc_column_text][/vc_column][vc_column css_animation=&#8221;fadeInRightBig&#8221; width=&#8221;1/2&#8243; offset=&#8221;vc_hidden-lg vc_hidden-md vc_hidden-sm&#8221;][vc_video link=&#8221;https://www.youtube.com/watch?v=NfB-C3GujQ0&#8243; css=&#8221;&#8221;][/vc_column][/vc_row][vc_row css=&#8221;.vc_custom_1554507693614{padding-top: 40px !important;padding-bottom: 30px !important;}&#8221;][vc_column css_animation=&#8221;fadeInLeftBig&#8221; width=&#8221;1/2&#8243; css=&#8221;.vc_custom_1736249281925{padding-top: 36px !important;padding-right: 36px !important;padding-bottom: 0px !important;padding-left: 36px !important;background-color: #f2f2f2 !important;}&#8221; offset=&#8221;vc_hidden-xs&#8221;][vc_custom_heading text=&#8221;About Us&#8221; font_container=&#8221;tag:h5|text_align:left&#8221; use_theme_fonts=&#8221;yes&#8221; link=&#8221;url:https%3A%2F%2Fpatrik-klima.com.al%2Fen%2Frreth-nesh%2F|title:Rreth%20Nesh||&#8221;][vc_column_text css=&#8221;.vc_custom_1554978234281{margin-bottom: 25px !important;}&#8221;]Patrik – Klima has started its activity in January 2004 with the aim of trading air conditioners, heating-cooling systems, aspirators, accessories and services. Our store is located on the street Myslym Shyri No.56 &#8211; Tirana.[/vc_column_text][vc_custom_heading text=&#8221;Quality and Warranty&#8221; font_container=&#8221;tag:h5|text_align:left&#8221; use_theme_fonts=&#8221;yes&#8221; link=&#8221;|||&#8221;][vc_column_text]We offer our customers the best brands (<a href="https://www.aircon.panasonic.eu/GB_en/ranges/domestic/">Panasonic</a> , <a href="http://www.lucht-lhz.de/">LUCHT-Lhz</a>) for products: air conditioners, individual and central systems, aspirators, accessories and German electric radiators for heating all environments (constructed with volcanic stone for a saving of up to 50-60% energy).[/vc_column_text][/vc_column][vc_column css_animation=&#8221;fadeInRightBig&#8221; width=&#8221;1/2&#8243; offset=&#8221;vc_hidden-xs&#8221;][vc_empty_space height=&#8221;10px&#8221;][vc_video link=&#8221;https://www.youtube.com/watch?v=NfB-C3GujQ0&#8243; css=&#8221;&#8221;][/vc_column][/vc_row][vc_row full_width=&#8221;stretch_row_content_no_spaces&#8221; css=&#8221;.vc_custom_1554488532878{margin-bottom: -50px !important;}&#8221;][vc_column][vc_column_text]<iframe loading="lazy" style="border: 0;" src="https://www.google.com/maps/embed?pb=!1m14!1m8!1m3!1d5992.57373732937!2d19.809274!3d41.324375!3m2!1i1024!2i768!4f13.1!3m3!1m2!1s0x0%3A0xcb8adc90690835a5!2sPatrik-klima!5e0!3m2!1sen!2sus!4v1554154973583!5m2!1sen!2sus" width="100%" height="370" frameborder="0" allowfullscreen="allowfullscreen"></iframe>[/vc_column_text][/vc_column][/vc_row][vc_row disable_element=&#8221;yes&#8221; css=&#8221;.vc_custom_1554487823979{padding-top: 20px !important;padding-bottom: 50px !important;}&#8221;][vc_column width=&#8221;1/2&#8243;][vc_row_inner][vc_column_inner width=&#8221;1/2&#8243; css=&#8221;.vc_custom_1461593412969{margin-bottom: 0px !important;}&#8221;][vc_single_image image=&#8221;2596&#8243; img_size=&#8221;full&#8221; onclick=&#8221;custom_link&#8221; img_link_target=&#8221;_blank&#8221; css_animation=&#8221;left-to-right&#8221; css=&#8221;.vc_custom_1523518600858{margin-bottom: 23px !important;}&#8221;][/vc_column_inner][vc_column_inner width=&#8221;1/2&#8243; css=&#8221;.vc_custom_1463390140563{margin-bottom: 0px !important;}&#8221;][vc_single_image image=&#8221;2584&#8243; img_size=&#8221;full&#8221; onclick=&#8221;custom_link&#8221; img_link_target=&#8221;_blank&#8221; css_animation=&#8221;left-to-right&#8221; css=&#8221;.vc_custom_1523518624537{margin-bottom: 23px !important;}&#8221;][/vc_column_inner][/vc_row_inner][/vc_column][vc_column width=&#8221;1/2&#8243; css=&#8221;.vc_custom_1554486894809{padding: 36px !important;background-color: #f2f2f2 !important;}&#8221;][vc_row_inner][vc_column_inner][vc_custom_heading text=&#8221;Cilesi dhe Garanci&#8221; font_container=&#8221;tag:h5|text_align:left&#8221; use_theme_fonts=&#8221;yes&#8221; link=&#8221;url:%23||&#8221;][vc_column_text css=&#8221;.vc_custom_1554156784047{margin-bottom: 20px !important;}&#8221;]</p>
<p style="text-align: justify;">Tek ne mund të gjeni produkte cilësore si: Kondicionerë, Sisteme individuale dhe qëndrore, Aspiratorë, Aksesorë aspirimi dhe Radiatorë elektrikë gjerman për ngrohjen e të gjitha ambjenteve (të ndërtuar me gur vullkanik për një kursim deri 50-60 % të energjisë).</p>
<p>[/vc_column_text][/vc_column_inner][/vc_row_inner][/vc_column][/vc_row][vc_row disable_element=&#8221;yes&#8221; css=&#8221;.vc_custom_1554485660200{background-color: #ffffff !important;}&#8221; el_class=&#8221;top-row&#8221;][vc_column css=&#8221;.vc_custom_1477050417128{padding-top: 36px !important;padding-right: 36px !important;padding-bottom: 36px !important;padding-left: 36px !important;background-color: #f2f2f2 !important;}&#8221; el_class=&#8221;wh-box-big&#8221; offset=&#8221;vc_col-md-8&#8243;][vc_custom_heading text=&#8221;Montim &amp; <b>Servis</b>&#8221; use_theme_fonts=&#8221;yes&#8221; css=&#8221;.vc_custom_1554156471052{margin-bottom: 20px !important;}&#8221;][vc_single_image image=&#8221;2585&#8243; img_size=&#8221;full&#8221; onclick=&#8221;custom_link&#8221; img_link_target=&#8221;_blank&#8221; css_animation=&#8221;left-to-right&#8221; css=&#8221;.vc_custom_1523518541953{margin-bottom: 23px !important;}&#8221;][vc_column_text css=&#8221;.vc_custom_1554156663792{margin-bottom: 25px !important;}&#8221;]Patrik – Klima ka filluar aktivitetin e saj në Janar 2004 me qëllim tregtimin e kondicionerëve, sistemeve ngrohje-ftohje, aspirim, aksesorë dhe shërbime. Dyqani jonë ndodhet në Rrugën Myslym Shyri Nr.56 – Tiranë.[/vc_column_text][/vc_column][vc_column el_class=&#8221;wh-box-big-left&#8221; offset=&#8221;vc_col-md-4&#8243; css=&#8221;.vc_custom_1479891183717{padding-top: 0px !important;}&#8221;][vc_column_inner][/vc_column_inner][vc_row_inner css=&#8221;.vc_custom_1479891169231{padding-top: 0px !important;}&#8221;][vc_column_inner css=&#8221;.vc_custom_1479891176513{padding-top: 0px !important;}&#8221;][vc_custom_heading text=&#8221;Orari&#8221; font_container=&#8221;tag:h5|text_align:left&#8221; use_theme_fonts=&#8221;yes&#8221;]
					<div class="wh-theme-icon " style="position:absolute;"  >
				<i class="icon-clock2" ></i>
			</div>
		
		[vc_custom_heading text=&#8221;E Hene- E Premte:<b> 08:00-20:00</b>&#8221; font_container=&#8221;tag:p|text_align:left&#8221; use_theme_fonts=&#8221;yes&#8221; css=&#8221;.vc_custom_1554157030446{padding-left: 22px !important;}&#8221;]
					<div class="wh-theme-icon " style="position:absolute;"  >
				<i class="icon-clock2" ></i>
			</div>
		
		[vc_custom_heading text=&#8221;E Shtune: <b>09:00-18:00</b>&#8221; font_container=&#8221;tag:p|text_align:left&#8221; use_theme_fonts=&#8221;yes&#8221; css=&#8221;.vc_custom_1554157057149{padding-left: 22px !important;}&#8221;]
					<div class="wh-theme-icon " style="position:absolute;"  >
				<i class="icon-clock2" ></i>
			</div>
		
		[vc_custom_heading text=&#8221;E Diele: <b>Mbyllur</b>&#8221; font_container=&#8221;tag:p|text_align:left&#8221; use_theme_fonts=&#8221;yes&#8221; css=&#8221;.vc_custom_1554157078737{padding-left: 22px !important;}&#8221;]
					<div class="wh-theme-icon " style="font-size:36px;position:absolute;"  >
				<i class="icon-phone" ></i>
			</div>
		
		[vc_custom_heading text=&#8221;<b> +355 69 20 87 393</b>&#8221; font_container=&#8221;tag:p|font_size:25px|text_align:left&#8221; use_theme_fonts=&#8221;yes&#8221; css=&#8221;.vc_custom_1554156993235{margin-bottom: 35px !important;padding-top: 5px !important;padding-bottom: 0px !important;padding-left: 55px !important;}&#8221; link=&#8221;url:%23|||rel:nofollow&#8221; el_class=&#8221;phone-numb&#8221;][/vc_column_inner][/vc_row_inner][/vc_column][/vc_row]</p>
</div>

<p>[vc_row disable_element=&#8221;yes&#8221; css=&#8221;.vc_custom_1554506649847{margin-top: 30px !important;}&#8221;][vc_column css=&#8221;.vc_custom_1476866536021{padding-top: 38px !important;}&#8221;][vc_column_text]Patrik Klima &#8211; Kondicionere ne Shitje Tirane, Sisteme Ngrohje-Ftohje, Aspiratorë Tirane, Aksesorë Aspirimi,&nbsp;<a href="https://patrik-klima.com.al/en/rreth-nesh/">[&hellip;]</a></p>
